actors of 611968.
2, 7, 683
List the prime factors of 3840915.
3, 5, 13, 19697
What are the prime factors of 825555?
3, 5, 47, 1171
What are the prime factors of 59620?
2, 5, 11, 271
What are the prime factors of 1924193?
151, 12743
List the prime factors of 786764.
2, 11, 17881
List the prime factors of 6411718.
2, 3205859
List the prime factors of 982722.
2, 3, 13, 43, 293
What are the prime factors of 16203810?
2, 3, 5, 7, 73, 151
List the prime factors of 23422550.
2, 5, 468451
What are the prime factors of 3071437?
3071437
List the prime factors of 2646650.
2, 5, 43, 1231
What are the prime factors of 7338652?
2, 1834663
What are the prime factors of 2293?
2293
What are the prime factors of 5119782?
2, 3, 73, 11689
List the prime factors of 108941.
7, 79, 197
What are the prime factors of 3091905?
3, 5, 37, 619
What are the prime factors of 1896376?
2, 101, 2347
What are the prime factors of 36328?
2, 19, 239
List the prime factors of 1816391.
677, 2683
What are the prime factors of 417569?
211, 1979
What are the prime factors of 2717946?
2, 3, 7, 11, 37, 53
What are the prime factors of 11917208?
2, 71, 20981
What are the prime factors of 32199259?
32199259
List the prime factors of 435632.
2, 19, 1433
What are the prime factors of 291080?
2, 5, 19, 383
What are the prime factors of 384174?
2, 3, 7, 3049
What are the prime factors of 182636?
2, 45659
List the prime factors of 23839416.
2, 3, 467, 709
List the prime factors of 254872.
2, 31859
What are the prime factors of 214190?
2, 5, 21419
List the prime factors of 274758.
2, 3, 11, 23, 181
List the prime factors of 665403.
3, 293, 757
What are the prime factors of 1546946?
2, 773473
List the prime factors of 534201.
3, 178067
List the prime factors of 8586737.
8586737
What are the prime factors of 181590?
2, 3, 5, 6053
List the prime factors of 2862123.
3, 11, 43, 2017
List the prime factors of 102553.
11, 9323
List the prime factors of 7567414.
2, 17, 23, 9677
What are the prime factors of 12031993?
37, 325189
What are the prime factors of 504689?
23, 21943
List the prime factors of 943638.
2, 3, 157273
What are the prime factors of 122264?
2, 17, 29, 31
What are the prime factors of 1308265?
5, 7, 37379
List the prime factors of 3570159.
3, 827, 1439
What are the prime factors of 78462?
2, 3, 1453
List the prime factors of 207726.
2, 3, 89, 389
List the prime factors of 5749323.
3, 1223, 1567
What are the prime factors of 5262962?
2, 17, 19, 8147
What are the prime factors of 268237?
268237
List the prime factors of 6970837.
37, 188401
List the prime factors of 3345689.
179, 18691
List the prime factors of 984786.
2, 3, 11, 43, 347
List the prime factors of 1073985.
3, 5, 11, 23, 283
What are the prime factors of 1919500?
2, 5, 11, 349
List the prime factors of 1297562.
2, 7, 92683
List the prime factors of 4845198.
2, 3, 59, 13687
List the prime factors of 11324286.
2, 3, 863
What are the prime factors of 149197?
149197
What are the prime factors of 1889771?
13, 17, 503
What are the prime factors of 988297?
988297
What are the prime factors of 9497821?
2879, 3299
What are the prime factors of 4289389?
13, 17, 1493
What are the prime factors of 34211?
34211
What are the prime factors of 47465?
5, 11, 863
List the prime factors of 10980734.
2, 29, 83, 2281
List the prime factors of 2751301.
7, 56149
List the prime factors of 18018317.
17, 89, 11909
List the prime factors of 705181.
705181
List the prime factors of 9869430.
2, 3, 5, 328981
List the prime factors of 1798752.
2, 3, 41, 457
List the prime factors of 881285.
5, 43, 4099
List the prime factors of 508229.
508229
List the prime factors of 1530390.
2, 3, 5, 139, 367
What are the prime factors of 780942?
2, 3, 23, 5659
What are the prime factors of 434592?
2, 3, 503
List the prime factors of 10390316.
2, 109, 23831
List the prime factors of 1173594.
2, 3, 195599
What are the prime factors of 20790431?
20790431
List the prime factors of 109635.
3, 5, 7309
What are the prime factors of 3646228?
2, 17, 29, 43
What are the prime factors of 147305?
5, 17, 1733
List the prime factors of 428837.
97, 4421
List the prime factors of 3289432.
2, 17, 19, 67
List the prime factors of 8875498.
2, 4437749
List the prime factors of 775682.
2, 31, 12511
What are the prime factors of 19120142?
2, 9560071
What are the prime factors of 261969?
3, 87323
What are the prime factors of 5339589?
3, 19, 113, 829
List the prime factors of 817429.
281, 2909
List the prime factors of 1897364.
2, 7, 67763
What are the prime factors of 234415?
5, 173, 271
List the prime factors of 2870886.
2, 3, 478481
What are the prime factors of 136646?
2, 17, 4019
What are the prime factors of 31473?
3, 13, 269
List the prime factors of 609024.
2, 3, 13, 61
What are the prime factors of 1095362?
2, 547681
What are the prime factors of 6933068?
2, 1733267
List the prime factors of 220087.
7, 23, 1367
What are the prime factors of 8519070?
2, 3, 5, 7, 113, 359
List the prime factors of 2020044.
2, 3, 13, 23, 563
List the prime factors of 11467603.
7, 1171, 1399
List the prime factors of 254025.
3, 5, 1129
List the prime factors of 3024782.
2, 67, 22573
What are the prime factors of 10760921?
10760921
List the prime factors of 20140.
2, 5, 19, 53
List the prime factors of 183045.
3, 5, 12203
List the prime factors of 10627793.
11, 87833
List the prime factors of 307929.
3, 102643
List the prime factors of 3920166.
2, 3, 17, 23, 557
List the prime factors of 462983.
462983
What are the prime factors of 624777?
3, 19, 97, 113
What are the prime factors of 10141?
10141
What are the prime factors of 4728702?
2, 3, 11, 71647
What are the prime factors of 325793?
13, 19, 1319
List the prime factors of 701203.
227, 3089
What are the prime factors of 587900?
2, 5, 5879
What are the prime factors of 31345323?
3, 43, 193, 1259
What are the prime factors of 226937?
226937
List the prime factors of 17630829.
3, 337, 5813
What are the prime factors of 13478239?
19, 709381
What are the prime factors of 9998015?
5, 1999603
What are the prime factors of 913259?
913259
What are the prime factors of 34176?
2, 3, 89
What are the prime factors of 2556675?
3, 5, 11, 1033
List the prime factors of 3842063.
73, 52631
What are the prime factors of 778587?
3, 109, 2381
What are the prime factors of 878903?
29, 30307
List the prime factors of 646387.
7, 107, 863
What are the prime factors of 123899?
19, 6521
List the prime factors of 1490466.
2, 3, 43, 53, 109
What are the prime factors of 54045?
3, 5, 1201
What are the prime factors of 1840743?
3, 17, 53, 227
What are the prime factors of 4853781?
3, 539309
What are the prime factors of 4770573?
3, 79, 20129
List the prime factors of 1286351.
11, 10631
What are the prime factors of 7641430?
2, 5, 764143
List the prime factors of 79216.
2, 4951
List the prime factors of 285420.
2, 3, 5, 67, 71
What are the prime factors of 141963?
3, 79, 599
What are the prime factors of 491306?
2, 245653
List the prime factors of 80786.
2, 31, 1303
List the prime factors of 4045542.
2, 3, 131, 5147
What are the prime factors of 964100?
2, 5, 31, 311
What are the prime factors of 17028726?
2, 3, 11, 13, 89, 223
What are the prime factors of 7065976?
2, 883247
What are the prime factors of 314997?
3, 104999
List the prime factors of 163772.
2, 7, 5849
List the prime factors of 489440.
2, 5, 7, 19, 23
What are the prime factors of 15498?
2, 3, 7, 41
What are the prime factors of 288159?
3, 96053
What are the prime factors of 2870226?
2, 3, 159457
What are the prime factors of 2343972?
2, 3, 31, 6301
List the prime factors of 406241.
11, 36931
List the prime factors of 115384.
2, 14423
List the prime factors of 3005292.
2, 3, 250441
List the prime factors of 166900.
2, 5, 1669
List the prime factors of 232761.
3, 77587
List the prime factors of 1125279.
3, 71, 587
List the prime factors of 936877.
37, 25321
What are the prime factors of 438586?
2, 219293
List the prime factors of 3659935.
5, 107, 6841
List the prime factors of 23257690.
2, 5, 97, 23977
What are the prime factors of 9002975?
5, 131, 2749
What are the prime factors of 1796328?
2, 3, 61, 409
What are the prime factors of 140026?
2, 53, 1321
What are the prime factors of 1721607?
3, 17, 33757
List th